152 is divided by 7.
2
What is the remainder when 161425 is divided by 32200?
425
Calculate the remainder when 92387 is divided by 18365.
562
What is the remainder when 34084 is divided by 4160?
804
What is the remainder when 1392454 is divided by 111?
70
What is the remainder when 59894122 is divided by 131?
5
What is the remainder when 64194 is divided by 2463?
156
What is the remainder when 2398 is divided by 35?
18
What is the remainder when 72137 is divided by 72111?
26
Calculate the remainder when 3268466 is divided by 22084.
34
Calculate the remainder when 18999980 is divided by 2079.
2078
Calculate the remainder when 1255239 is divided by 664.
279
What is the remainder when 1902680 is divided by 237780?
440
What is the remainder when 92421 is divided by 489?
0
Calculate the remainder when 230716 is divided by 20972.
24
Calculate the remainder when 1743347 is divided by 268.
7
Calculate the remainder when 14768435 is divided by 142004.
19
Calculate the remainder when 430454 is divided by 2495.
1314
Calculate the remainder when 5878789 is divided by 1260.
889
Calculate the remainder when 319591 is divided by 456.
391
Calculate the remainder when 5831950 is divided by 345.
70
What is the remainder when 132741690 is divided by 40?
10
Calculate the remainder when 433162 is divided by 22796.
38
What is the remainder when 9654044 is divided by 212?
200
Calculate the remainder when 939929 is divided by 92.
57
What is the remainder when 6860954 is divided by 4?
2
What is the remainder when 2437093 is divided by 124?
121
What is the remainder when 36362 is divided by 188?
78
What is the remainder when 26988 is divided by 1770?
438
Calculate the remainder when 28102150 is divided by 219.
70
What is the remainder when 109854 is divided by 1118?
290
Calculate the remainder when 2219293 is divided by 739731.
100
Calculate the remainder when 903858 is divided by 74.
22
Calculate the remainder when 23602177 is divided by 50.
27
What is the remainder when 5628896 is divided by 3788?
3716
What is the remainder when 1476677 is divided by 738089?
499
What is the remainder when 1208293 is divided by 124?
37
What is the remainder when 1115539 is divided by 139203?
1915
Calculate the remainder when 314419 is divided by 43903.
7098
Calculate the remainder when 8394505 is divided by 4121.
28
Calculate the remainder when 45805166 is divided by 45805139.
27
Calculate the remainder when 76238 is divided by 11720.
5918
What is the remainder when 198853 is divided by 1005?
868
Calculate the remainder when 61774 is divided by 340.
234
Calculate the remainder when 3566580 is divided by 534.
528
Calculate the remainder when 87361590 is divided by 8736158.
10
What is the remainder when 1197849 is divided by 393?
378
Calculate the remainder when 35741 is divided by 8895.
161
What is the remainder when 47015843 is divided by 1826?
1821
Calculate the remainder when 13944446 is divided by 3659.
3656
What is the remainder when 103815 is divided by 34233?
1116
What is the remainder when 2950663 is divided by 3232?
3079
Calculate the remainder when 105692 is divided by 72.
68
What is the remainder when 710730 is divided by 201?
195
Calculate the remainder when 86855 is divided by 2426.
1945
What is the remainder when 3700122 is divided by 1270?
612
Calculate the remainder when 4186005 is divided by 43604.
21
What is the remainder when 2771386 is divided by 5161?
5090
What is the remainder when 2092192 is divided by 11?
3
Calculate the remainder when 24493277 is divided by 348.
341
Calculate the remainder when 1750386 is divided by 192.
114
What is the remainder when 3975070 is divided by 1036?
974
What is the remainder when 3226 is divided by 2751?
475
Calculate the remainder when 3703923 is divided by 21.
6
What is the remainder when 439134 is divided by 39916?
58
What is the remainder when 23761518 is divided by 20?
18
Calculate the remainder when 42488321 is divided by 2435.
6
Calculate the remainder when 189228661 is divided by 735.
706
Calculate the remainder when 368771 is divided by 368732.
39
Calculate the remainder when 1511800 is divided by 34.
24
Calculate the remainder when 5412908 is divided by 11092.
12
Calculate the remainder when 167157 is divided by 2740.
17
Calculate the remainder when 12656814 is divided by 2531361.
9
Calculate the remainder when 22404962 is divided by 1649.
1648
What is the remainder when 35542604 is divided by 44877?
20
What is the remainder when 11562678 is divided by 43798?
6
Calculate the remainder when 245900 is divided by 48.
44
Calculate the remainder when 1683978 is divided by 3457.
419
Calculate the remainder when 446185 is divided by 11750.
11435
Calculate the remainder when 2639534 is divided by 263953.
4
Calculate the remainder when 4836433 is divided by 537380.
13
What is the remainder when 232252 is divided by 46448?
12
What is the remainder when 2609530 is divided by 260952?
10
What is the remainder when 1683380 is divided by 561094?
98
Calculate the remainder when 2262 is divided by 967.
328
Calculate the remainder when 30438 is divided by 2535.
18
What is the remainder when 23890 is divided by 1550?
640
What is the remainder when 1058894 is divided by 12910?
274
Calculate the remainder when 41879 is divided by 821.
8
Calculate the remainder when 110419 is divided by 35.
29
Calculate the remainder when 39229759 is divided by 73.
70
What is the remainder when 2300346 is divided by 209119?
37
What is the remainder when 4320 is divided by 4074?
246
Calculate the remainder when 3403590 is divided by 261814.
8
What is the remainder when 29511 is divided by 999?
540
Calculate the remainder when 1370929 is divided by 98.
7
Calculate the remainder when 17480 is divided by 4681.
3437
What is the remainder when 186876 is divided by 61545?
2241
Calculate the remainder when 133364 is divided by 4588.
312
What is the remainder when 1506386 is divided by 13948?
2
What is the remainder when 69411 is divided by 23115?
66
What is the remainder when 127031427 is divided by 42?
33
What is the remainder when 158025998 is divided by 25?
23
Calculate the remainder when 73267045 is divided by 17528.
5
What is the remainder when 3335772 is divided by 45078?
0
Calculate the remainder when 6154678 is divided by 51.
49
Calculate the remainder when 857765 is divided by 8492.
73
Calculate the remainder when 5855140 is divided by 262.
226
Calculate the remainder when 14243134 is divided by 228.
202
Calculate the remainder when 2902527 is divided by 322490.
117
Calculate the remainder when 24814367 is divided by 34754.
11
Calculate the remainder when 137826 is divided by 535.
331
What is the remainder when 34387269 is divided by 742?
21
What is the remainder when 43853470 is divided by 3816?
3814
Calculate the remainder when 98947 is divided by 146.
105
Calculate the remainder when 35495 is divided by 2237.
1940
What is the remainder when 4327399 is divided by 26712?
55
What is the remainder when 1539988 is divided by 308?
296
Calculate the remainder when 50950 is divided by 22351.
6248
What is the remainder when 36980000 is divided by 2000?
0
Calculate the remainder when 6714927 is divided by 130.
37
What is the remainder when 13209 is divided by 3042?
1041
What is the remainder when 5423745 is divided by 187?
184
Calculate the remainder when 460940 is divided by 1791.
653
Calculate the remainder when 1296783 is divided by 259339.
88
Calculate the remainder when 12113923 is divided by 126186.
67
What is the remainder when 143857580 is divided by 1634745?
20
What is the remainder when 73490 is divided by 62698?
10792
What is the remainder when 2052139 is divided by 2052135?
4
What is the remainder when 147562 is divided by 24561?
196
Calculate the remainder when 88453699 is divided by 1341.
1339
What is the remainder when 25964933 is divided by 44922?
17
Calculate the remainder when 16031967 is divided by 795.
792
What is the remainder when 48043 is divided by 229?
182
What is the remainder when 4824 is divided by 1611?
1602
What is the remainder when 609769088 is divided by 595?
593
What is the remainder when 7274469 is divided by 3960?
3909
What is the remainder when 1120587 is divided by 434?
433
What is the remainder when 127706 is divided by 31